{"id":12,"date":"2026-02-11T20:59:15","date_gmt":"2026-02-11T19:59:15","guid":{"rendered":"https:\/\/fv.breese.de\/?page_id=12"},"modified":"2026-02-11T20:59:50","modified_gmt":"2026-02-11T19:59:50","slug":"der-vorstand","status":"publish","type":"page","link":"https:\/\/fv.breese.de\/?page_id=12","title":{"rendered":""},"content":{"rendered":"\n<h2 class=\"wp-block-heading\">Der Vorstand<\/h2>\n\n\n\n<p>Der\u00a0Vorstand unseres F\u00f6rdervereins besteht aus dem Vorsitzenden, dem stellvertretenden Vorsitzenden, der gleichzeitig der Schriftf\u00fchrer ist und dem Kassenwart. Er wird durch die Mitgliederversammlung f\u00fcr eine Amtszeit von 2 Jahren gew\u00e4hlt.<\/p>\n\n\n\n<p>In den regelm\u00e4\u00dfig stattfindenden Vorstandssitzungen plant der Vorstand Aktionen, Veranstaltungen und Projekte, wie&nbsp;z.B. die Gestaltung der Homepage. Der Vorstand entscheidet zudem \u00fcber die Verwendung der F\u00f6rdergelder und vertritt den Verein nach au\u00dfen.<\/p>\n\n\n\n<p>Hier werden unsere Vorstandsmitglieder vorgestellt<\/p>\n\n\n\n<div class=\"wp-block-columns is-layout-flex wp-container-core-columns-is-layout-9d6595d7 wp-block-columns-is-layout-flex\">\n<div class=\"wp-block-column is-layout-flow wp-block-column-is-layout-flow\" style=\"flex-basis:100%\">\n<figure class=\"wp-block-table is-style-regular has-small-font-size\"><table><tbody><tr><td>1. Vorsitzende<\/td><td>Max Burkhardt<\/td><\/tr><tr><td>2. Vorsitzender &amp; Schriftf\u00fchrer<\/td><td>Sandra Glockzin<\/td><\/tr><tr><td>Kassenwartin<\/td><td>Patricia Christiani<\/td><\/tr><\/tbody><\/table><\/figure>\n<\/div>\n<\/div>\n\n\n\n<p><\/p>\n","protected":false},"excerpt":{"rendered":"<p>Der Vorstand Der\u00a0Vorstand unseres F\u00f6rdervereins besteht aus dem Vorsitzenden, dem stellvertretenden Vorsitzenden, der gleichzeitig der Schriftf\u00fchrer ist und dem Kassenwart. Er wird durch die Mitgliederversammlung f\u00fcr eine Amtszeit von 2 Jahren gew\u00e4hlt. In den regelm\u00e4\u00dfig stattfindenden Vorstandssitzungen plant der Vorstand Aktionen, Veranstaltungen und Projekte, wie&nbsp;z.B. die Gestaltung der Homepage. Der Vorstand entscheidet zudem \u00fcber die [&hellip;]<\/p>\n","protected":false},"author":3,"featured_media":87,"parent":0,"menu_order":0,"comment_status":"closed","ping_status":"closed","template":"","meta":{"footnotes":""},"class_list":["post-12","page","type-page","status-publish","has-post-thumbnail","hentry"],"_links":{"self":[{"href":"https:\/\/fv.breese.de\/index.php?rest_route=\/wp\/v2\/pages\/12","targetHints":{"allow":["GET"]}}],"collection":[{"href":"https:\/\/fv.breese.de\/index.php?rest_route=\/wp\/v2\/pages"}],"about":[{"href":"https:\/\/fv.breese.de\/index.php?rest_route=\/wp\/v2\/types\/page"}],"author":[{"embeddable":true,"href":"https:\/\/fv.breese.de\/index.php?rest_route=\/wp\/v2\/users\/3"}],"replies":[{"embeddable":true,"href":"https:\/\/fv.breese.de\/index.php?rest_route=%2Fwp%2Fv2%2Fcomments&post=12"}],"version-history":[{"count":10,"href":"https:\/\/fv.breese.de\/index.php?rest_route=\/wp\/v2\/pages\/12\/revisions"}],"predecessor-version":[{"id":95,"href":"https:\/\/fv.breese.de\/index.php?rest_route=\/wp\/v2\/pages\/12\/revisions\/95"}],"wp:featuredmedia":[{"embeddable":true,"href":"https:\/\/fv.breese.de\/index.php?rest_route=\/wp\/v2\/media\/87"}],"wp:attachment":[{"href":"https:\/\/fv.breese.de\/index.php?rest_route=%2Fwp%2Fv2%2Fmedia&parent=12"}],"curies":[{"name":"wp","href":"https:\/\/api.w.org\/{rel}","templated":true}]}}