{"id":14,"date":"2026-02-11T21:58:15","date_gmt":"2026-02-11T20:58:15","guid":{"rendered":"https:\/\/fv.breese.de\/?page_id=14"},"modified":"2026-02-11T21:59:08","modified_gmt":"2026-02-11T20:59:08","slug":"mitgliedergewinnung","status":"publish","type":"page","link":"https:\/\/fv.breese.de\/?page_id=14","title":{"rendered":""},"content":{"rendered":"\n<h2 class=\"wp-block-heading\">Werden Sie Mitglied im F\u00f6rderverein Waldschule Breese &amp; KITA e.V.!<\/h2>\n\n\n\n<p>Unser F\u00f6rderverein Waldschule Breese &amp; KITA e.V. lebt und arbeitet von und mit seinen Mitgliedern.\u00a0<strong>Derzeit k\u00f6nnen wir 106 Mitglieder z\u00e4hlen (Stand 11.02.2026).<\/strong>\u00a0Um unsere T\u00e4tigkeiten und Unterst\u00fctzungen auch in Zukunft erfolgreich fortsetzen zu k\u00f6nnen, sind wir auf Hilfe angewiesen und freuen uns sehr \u00fcber jedes neu gewonnene Mitglied in unserem Verein.<\/p>\n\n\n\n<p>Alle Mittel, die dem F\u00f6rderverein zur Verf\u00fcgung stehen, kommen dabei ausschlie\u00dflich den Kindern, der Waldschule Breese und der KITA zugute. Jedes Mitglied zahlt einen geringen Jahresbeitrag von derzeit 10 \u20ac und kann sich dar\u00fcber hinaus in verschiedenen Formen engagieren.<\/p>\n\n\n\n<p>Mitglied werden k\u00f6nnen alle, die sich der Waldschule Breese oder KITA verbunden f\u00fchlen:&nbsp;<strong>Eltern, Gro\u00dfeltern, Freunde oder Firmen<\/strong>. Der Mitgliedsbeitrag ist einmal j\u00e4hrlich f\u00e4llig und wird vom Konto des jeweiligen Mitglieds eingezogen.<\/p>\n\n\n\n<p>Haben wir euer\/Ihr Interesse f\u00fcr eine Mitgliedschaft geweckt? Einfach den Mitgliedsantrag&nbsp;<a href=\"https:\/\/fv.breese.de\/downloads\/Beitrittserklaerung.pdf\" target=\"_blank\" rel=\"noreferrer noopener\">herunterladen<\/a>, ausdrucken, ausf\u00fcllen und abschicken bzw. in den Briefkasten des F\u00f6rdervereins in der KITA werfen. Wer dazu noch Fragen hat, kann sich jederzeit per E-Mail an uns wenden.<\/p>\n\n\n\n<p>Wer nicht an einer direkten Mitgliedschaft interessiert ist, kann unseren Verein auch durch Ideen und Tatkraft, sowie durch individuelle Geldspenden unterst\u00fctzen.<\/p>\n\n\n\n<figure class=\"wp-block-table\"><table><tbody><tr><td><strong>Spendenkonto<\/strong><\/td><td>F\u00f6rderverein Waldschule Breese &amp; KITA e.V. <br>Sparkasse Prignitz <br>IBAN:&nbsp;DE47 1605 0101 1240 0002 74 <br>BIC: WELADED1PRP<\/td><\/tr><\/tbody><\/table><\/figure>\n\n\n\n<p>Selbstverst\u00e4ndlich erhalten Sie von uns nach Eingang der Spende eine Best\u00e4tigung, die Sie bei der j\u00e4hrlichen Einkommenssteuererkl\u00e4rung bzw. Umsatzsteuererkl\u00e4rung ggf. mit steuerminderndem Erfolg einreichen k\u00f6nnen.<\/p>\n\n\n\n<p>An dieser Stelle m\u00f6chten wir uns bereits f\u00fcr Ihre Hilfe bedanken und stehen gerne f\u00fcr Fragen zur Verf\u00fcgung.&nbsp;<\/p>\n","protected":false},"excerpt":{"rendered":"<p>Werden Sie Mitglied im F\u00f6rderverein Waldschule Breese &amp; KITA e.V.! Unser F\u00f6rderverein Waldschule Breese &amp; KITA e.V. lebt und arbeitet von und mit seinen Mitgliedern.\u00a0Derzeit k\u00f6nnen wir 106 Mitglieder z\u00e4hlen (Stand 11.02.2026).\u00a0Um unsere T\u00e4tigkeiten und Unterst\u00fctzungen auch in Zukunft erfolgreich fortsetzen zu k\u00f6nnen, sind wir auf Hilfe angewiesen und freuen uns sehr \u00fcber jedes neu [&hellip;]<\/p>\n","protected":false},"author":3,"featured_media":87,"parent":0,"menu_order":0,"comment_status":"closed","ping_status":"closed","template":"","meta":{"footnotes":""},"class_list":["post-14","page","type-page","status-publish","has-post-thumbnail","hentry"],"_links":{"self":[{"href":"https:\/\/fv.breese.de\/index.php?rest_route=\/wp\/v2\/pages\/14","targetHints":{"allow":["GET"]}}],"collection":[{"href":"https:\/\/fv.breese.de\/index.php?rest_route=\/wp\/v2\/pages"}],"about":[{"href":"https:\/\/fv.breese.de\/index.php?rest_route=\/wp\/v2\/types\/page"}],"author":[{"embeddable":true,"href":"https:\/\/fv.breese.de\/index.php?rest_route=\/wp\/v2\/users\/3"}],"replies":[{"embeddable":true,"href":"https:\/\/fv.breese.de\/index.php?rest_route=%2Fwp%2Fv2%2Fcomments&post=14"}],"version-history":[{"count":8,"href":"https:\/\/fv.breese.de\/index.php?rest_route=\/wp\/v2\/pages\/14\/revisions"}],"predecessor-version":[{"id":100,"href":"https:\/\/fv.breese.de\/index.php?rest_route=\/wp\/v2\/pages\/14\/revisions\/100"}],"wp:featuredmedia":[{"embeddable":true,"href":"https:\/\/fv.breese.de\/index.php?rest_route=\/wp\/v2\/media\/87"}],"wp:attachment":[{"href":"https:\/\/fv.breese.de\/index.php?rest_route=%2Fwp%2Fv2%2Fmedia&parent=14"}],"curies":[{"name":"wp","href":"https:\/\/api.w.org\/{rel}","templated":true}]}}